{"id":499,"date":"2024-11-11T12:54:03","date_gmt":"2024-11-11T17:54:03","guid":{"rendered":"http:\/\/www.equipementsgr.com\/o\/?page_id=499"},"modified":"2024-11-11T14:56:26","modified_gmt":"2024-11-11T19:56:26","slug":"accessoires","status":"publish","type":"page","link":"https:\/\/www.equipementsgr.com\/o\/accessoires\/","title":{"rendered":"Fabrication &#038; conception d&rsquo;accessoires"},"content":{"rendered":"<p>[et_pb_section fb_built=\u00a0\u00bb1&Prime; _builder_version=\u00a0\u00bb4.27.2&Prime; _module_preset=\u00a0\u00bbdefault\u00a0\u00bb custom_padding=\u00a0\u00bb6px|||||\u00a0\u00bb global_colors_info=\u00a0\u00bb{}\u00a0\u00bb][et_pb_row _builder_version=\u00a0\u00bb4.27.2&Prime; _module_preset=\u00a0\u00bbdefault\u00a0\u00bb custom_padding=\u00a0\u00bb||5px|||\u00a0\u00bb global_colors_info=\u00a0\u00bb{}\u00a0\u00bb][et_pb_column type=\u00a0\u00bb4_4&Prime; _builder_version=\u00a0\u00bb4.27.2&Prime; _module_preset=\u00a0\u00bbdefault\u00a0\u00bb global_colors_info=\u00a0\u00bb{}\u00a0\u00bb][et_pb_text _builder_version=\u00a0\u00bb4.27.2&Prime; _module_preset=\u00a0\u00bbdefault\u00a0\u00bb custom_margin=\u00a0\u00bb||-3px|||\u00a0\u00bb hover_enabled=\u00a0\u00bb0&Prime; global_colors_info=\u00a0\u00bb{}\u00a0\u00bb sticky_enabled=\u00a0\u00bb0&Prime;]<\/p>\n<h2>Fabrication &amp; conception d&rsquo;accessoires d&rsquo;excavation &amp; d&rsquo;agriculture<\/h2>\n<p>[\/et_pb_text][\/et_pb_column][\/et_pb_row][et_pb_row column_structure=\u00a0\u00bb1_2,1_2&Prime; _builder_version=\u00a0\u00bb4.27.2&Prime; _module_preset=\u00a0\u00bbdefault\u00a0\u00bb custom_padding=\u00a0\u00bb3px|||||\u00a0\u00bb global_colors_info=\u00a0\u00bb{}\u00a0\u00bb][et_pb_column type=\u00a0\u00bb1_2&Prime; _builder_version=\u00a0\u00bb4.27.2&Prime; _module_preset=\u00a0\u00bbdefault\u00a0\u00bb global_colors_info=\u00a0\u00bb{}\u00a0\u00bb][et_pb_text _builder_version=\u00a0\u00bb4.27.2&Prime; _module_preset=\u00a0\u00bbdefault\u00a0\u00bb global_colors_info=\u00a0\u00bb{}\u00a0\u00bb]<\/p>\n<p align=\"justify\"><span style=\"font-family: Sherif;\"><strong>AGRICULTURE:<\/strong> Les accessoires d&rsquo;agriculture peuvent \u00eatre utilis\u00e9s pour diff\u00e9rentes \u00e9tapes du processus agricole, tels que le <strong>labourage<\/strong>, la <strong>pr\u00e9paration du sol<\/strong>, la <strong>plantation<\/strong>, l&rsquo;<strong>irrigation<\/strong>, la <strong>fertilisation<\/strong>, la <strong>protection des cultures<\/strong> contre les ravageurs et les maladies, la <strong>r\u00e9colte<\/strong>, et m\u00eame le <strong>stockage des r\u00e9coltes<\/strong>. Ces outils sont con\u00e7us pour <strong>augmenter l&rsquo;efficacit\u00e9<\/strong> et la <strong>productivit\u00e9 des agriculteurs<\/strong>, tout en r\u00e9duisant la p\u00e9nibilit\u00e9 des t\u00e2ches agricoles. <\/span><\/p>\n<p>[\/et_pb_text][et_pb_button button_url=\u00a0\u00bbhttps:\/\/www.equipementsgr.com\/o\/agriculture\u00a0\u00bb button_text=\u00a0\u00bbLIRE PLUS\u00a0\u00bb _builder_version=\u00a0\u00bb4.27.2&Prime; _module_preset=\u00a0\u00bbdefault\u00a0\u00bb global_colors_info=\u00a0\u00bb{}\u00a0\u00bb][\/et_pb_button][\/et_pb_column][et_pb_column type=\u00a0\u00bb1_2&Prime; _builder_version=\u00a0\u00bb4.27.2&Prime; _module_preset=\u00a0\u00bbdefault\u00a0\u00bb global_colors_info=\u00a0\u00bb{}\u00a0\u00bb][et_pb_text _builder_version=\u00a0\u00bb4.27.2&Prime; _module_preset=\u00a0\u00bbdefault\u00a0\u00bb global_colors_info=\u00a0\u00bb{}\u00a0\u00bb]<\/p>\n<p style=\"text-align: justify;\"><span style=\"font-family: Sherif;\"><strong>EXCAVATION:<\/strong> Ces accessoires d&rsquo;excavation sont essentiels pour assurer un <strong>travail efficace et pr\u00e9cis<\/strong> sur un chantier. <\/span><\/p>\n<p>[\/et_pb_text][et_pb_button button_url=\u00a0\u00bbhttps:\/\/www.equipementsgr.com\/o\/excavation\/\u00a0\u00bb button_text=\u00a0\u00bbLIRE PLUS\u00a0\u00bb _builder_version=\u00a0\u00bb4.27.2&Prime; _module_preset=\u00a0\u00bbdefault\u00a0\u00bb global_colors_info=\u00a0\u00bb{}\u00a0\u00bb][\/et_pb_button][\/et_pb_column][\/et_pb_row][\/et_pb_section]<\/p>\n","protected":false},"excerpt":{"rendered":"<p>Fabrication &amp; conception d&rsquo;accessoires d&rsquo;excavation &amp; d&rsquo;agricultureAGRICULTURE: Les accessoires d&rsquo;agriculture peuvent \u00eatre utilis\u00e9s pour diff\u00e9rentes \u00e9tapes du processus agricole, tels que le labourage, la pr\u00e9paration du sol, la plantation, l&rsquo;irrigation, la fertilisation, la protection des cultures contre les ravageurs et les maladies, la r\u00e9colte, et m\u00eame le stockage des r\u00e9coltes. Ces outils sont con\u00e7us pour [&hellip;]<\/p>\n","protected":false},"author":1,"featured_media":0,"parent":0,"menu_order":0,"comment_status":"closed","ping_status":"closed","template":"","meta":{"_et_pb_use_builder":"on","_et_pb_old_content":"","_et_gb_content_width":"","footnotes":""},"class_list":["post-499","page","type-page","status-publish","hentry"],"_links":{"self":[{"href":"https:\/\/www.equipementsgr.com\/o\/wp-json\/wp\/v2\/pages\/499","targetHints":{"allow":["GET"]}}],"collection":[{"href":"https:\/\/www.equipementsgr.com\/o\/wp-json\/wp\/v2\/pages"}],"about":[{"href":"https:\/\/www.equipementsgr.com\/o\/wp-json\/wp\/v2\/types\/page"}],"author":[{"embeddable":true,"href":"https:\/\/www.equipementsgr.com\/o\/wp-json\/wp\/v2\/users\/1"}],"replies":[{"embeddable":true,"href":"https:\/\/www.equipementsgr.com\/o\/wp-json\/wp\/v2\/comments?post=499"}],"version-history":[{"count":9,"href":"https:\/\/www.equipementsgr.com\/o\/wp-json\/wp\/v2\/pages\/499\/revisions"}],"predecessor-version":[{"id":623,"href":"https:\/\/www.equipementsgr.com\/o\/wp-json\/wp\/v2\/pages\/499\/revisions\/623"}],"wp:attachment":[{"href":"https:\/\/www.equipementsgr.com\/o\/wp-json\/wp\/v2\/media?parent=499"}],"curies":[{"name":"wp","href":"https:\/\/api.w.org\/{rel}","templated":true}]}}