{"id":676,"date":"2024-11-22T08:39:14","date_gmt":"2024-11-22T13:39:14","guid":{"rendered":"http:\/\/www.equipementsgr.com\/o\/?post_type=product&#038;p=676"},"modified":"2025-08-22T18:24:40","modified_gmt":"2025-08-22T22:24:40","slug":"enrouleuse-derouleuse-a-toile-ou-filet","status":"publish","type":"product","link":"https:\/\/www.equipementsgr.com\/o\/produit\/enrouleuse-derouleuse-a-toile-ou-filet\/","title":{"rendered":"enrouleuse, d\u00e9rouleuse a toile ou filet"},"content":{"rendered":"<p><span class=\"x193iq5w xeuugli x13faqbe x1vvkbs x10flsy6 x1lliihq x1s928wv xhkezso x1gmr53x x1cpjm7i x1fgarty x1943h6x x4zkp8e x41vudc x6prxxf xvq8zen xo1l8bm xzsf02u\" dir=\"auto\">Enrouleuse, d\u00e9rouleuse a toile ou filet pour vignoble, petits fruits, maraichers. Possibilit\u00e9 de faire la largeur selon vos toiles ou filets. Syst\u00e8me de fixation fait sur mesure selon votre \u00e9quipement. Prix a partir de 2800$<\/span><\/p>\n","protected":false},"excerpt":{"rendered":"<p>Enrouleuse, d\u00e9rouleuse a toile ou filet pour vignoble, petits fruits, maraichers. Possibilit\u00e9 de faire la largeur selon vos toiles ou filets. Syst\u00e8me de fixation fait sur mesure selon votre \u00e9quipement. Prix a partir de 2800$<\/p>\n","protected":false},"featured_media":677,"template":"","meta":{"_et_pb_use_builder":"","_et_pb_old_content":"","_et_gb_content_width":""},"product_brand":[],"product_cat":[38],"product_tag":[],"class_list":{"0":"post-676","1":"product","2":"type-product","3":"status-publish","4":"has-post-thumbnail","6":"product_cat-manutention_tracteur","8":"first","9":"instock","10":"taxable","11":"shipping-taxable","12":"purchasable","13":"product-type-simple"},"_links":{"self":[{"href":"https:\/\/www.equipementsgr.com\/o\/wp-json\/wp\/v2\/product\/676","targetHints":{"allow":["GET"]}}],"collection":[{"href":"https:\/\/www.equipementsgr.com\/o\/wp-json\/wp\/v2\/product"}],"about":[{"href":"https:\/\/www.equipementsgr.com\/o\/wp-json\/wp\/v2\/types\/product"}],"wp:featuredmedia":[{"embeddable":true,"href":"https:\/\/www.equipementsgr.com\/o\/wp-json\/wp\/v2\/media\/677"}],"wp:attachment":[{"href":"https:\/\/www.equipementsgr.com\/o\/wp-json\/wp\/v2\/media?parent=676"}],"wp:term":[{"taxonomy":"product_brand","embeddable":true,"href":"https:\/\/www.equipementsgr.com\/o\/wp-json\/wp\/v2\/product_brand?post=676"},{"taxonomy":"product_cat","embeddable":true,"href":"https:\/\/www.equipementsgr.com\/o\/wp-json\/wp\/v2\/product_cat?post=676"},{"taxonomy":"product_tag","embeddable":true,"href":"https:\/\/www.equipementsgr.com\/o\/wp-json\/wp\/v2\/product_tag?post=676"}],"curies":[{"name":"wp","href":"https:\/\/api.w.org\/{rel}","templated":true}]}}