{"id":694,"date":"2024-11-22T08:53:09","date_gmt":"2024-11-22T13:53:09","guid":{"rendered":"http:\/\/www.equipementsgr.com\/o\/?post_type=product&#038;p=694"},"modified":"2025-08-18T18:27:55","modified_gmt":"2025-08-18T22:27:55","slug":"contrepoids-3-points-categorie-1","status":"publish","type":"product","link":"https:\/\/www.equipementsgr.com\/o\/produit\/contrepoids-3-points-categorie-1\/","title":{"rendered":"Contrepoids 3 points cat\u00e9gorie 1"},"content":{"rendered":"<p><span class=\"x193iq5w xeuugli x13faqbe x1vvkbs x10flsy6 x1lliihq x1s928wv xhkezso x1gmr53x x1cpjm7i x1fgarty x1943h6x x4zkp8e x41vudc x6prxxf xvq8zen xo1l8bm xzsf02u\" dir=\"auto\">Boite contrepoids pour 3 points cat\u00e9gorie 1 possibilit\u00e9 de la couleur, orange, vert, noir, bleu, jaune. On peut remplir la boite de m\u00e9tal pour vous et mettre une plaque sur le dessus pour 125$ de plus ca donne environ 1200lbs. possibilit\u00e9 de transport<\/span><\/p>\n","protected":false},"excerpt":{"rendered":"<p>Boite contrepoids pour 3 points cat\u00e9gorie 1 possibilit\u00e9 de la couleur, orange, vert, noir, bleu, jaune. On peut remplir la boite de m\u00e9tal pour vous et mettre une plaque sur le dessus pour 125$ de plus ca donne environ 1200lbs. possibilit\u00e9 de transport<\/p>\n","protected":false},"featured_media":704,"template":"","meta":{"_et_pb_use_builder":"","_et_pb_old_content":"","_et_gb_content_width":""},"product_brand":[],"product_cat":[38],"product_tag":[],"class_list":{"0":"post-694","1":"product","2":"type-product","3":"status-publish","4":"has-post-thumbnail","6":"product_cat-manutention_tracteur","8":"first","9":"onbackorder","10":"taxable","11":"shipping-taxable","12":"purchasable","13":"product-type-simple"},"_links":{"self":[{"href":"https:\/\/www.equipementsgr.com\/o\/wp-json\/wp\/v2\/product\/694","targetHints":{"allow":["GET"]}}],"collection":[{"href":"https:\/\/www.equipementsgr.com\/o\/wp-json\/wp\/v2\/product"}],"about":[{"href":"https:\/\/www.equipementsgr.com\/o\/wp-json\/wp\/v2\/types\/product"}],"wp:featuredmedia":[{"embeddable":true,"href":"https:\/\/www.equipementsgr.com\/o\/wp-json\/wp\/v2\/media\/704"}],"wp:attachment":[{"href":"https:\/\/www.equipementsgr.com\/o\/wp-json\/wp\/v2\/media?parent=694"}],"wp:term":[{"taxonomy":"product_brand","embeddable":true,"href":"https:\/\/www.equipementsgr.com\/o\/wp-json\/wp\/v2\/product_brand?post=694"},{"taxonomy":"product_cat","embeddable":true,"href":"https:\/\/www.equipementsgr.com\/o\/wp-json\/wp\/v2\/product_cat?post=694"},{"taxonomy":"product_tag","embeddable":true,"href":"https:\/\/www.equipementsgr.com\/o\/wp-json\/wp\/v2\/product_tag?post=694"}],"curies":[{"name":"wp","href":"https:\/\/api.w.org\/{rel}","templated":true}]}}